r of 72 and 17772.
12
Calculate the highest common divisor of 609 and 5568.
87
What is the greatest common factor of 180 and 390?
30
Calculate the greatest common divisor of 52 and 4550.
26
Calculate the greatest common factor of 7087 and 746.
373
What is the greatest common divisor of 2160 and 60?
60
Calculate the highest common divisor of 5512 and 156.
52
Calculate the greatest common factor of 12056 and 88.
88
Calculate the greatest common divisor of 8 and 16.
8
Calculate the highest common factor of 328 and 574.
82
Calculate the highest common divisor of 2025 and 100.
25
Calculate the greatest common divisor of 28 and 5026.
14
Calculate the greatest common factor of 46 and 1380.
46
What is the greatest common divisor of 11245 and 65?
65
What is the greatest common divisor of 1311 and 741?
57
Calculate the highest common factor of 61 and 183.
61
Calculate the greatest common factor of 132 and 4536.
12
Calculate the greatest common factor of 302 and 32.
2
What is the greatest common factor of 16 and 19088?
16
Calculate the highest common divisor of 13 and 559.
13
Calculate the greatest common factor of 9504 and 9.
9
Calculate the greatest common factor of 15054 and 193.
193
What is the highest common factor of 576 and 1008?
144
What is the highest common factor of 10 and 25?
5
What is the greatest common divisor of 1568 and 64?
32
Calculate the highest common factor of 432 and 9.
9
Calculate the greatest common divisor of 31 and 527.
31
What is the highest common factor of 256 and 432?
16
Calculate the greatest common factor of 23477 and 34.
17
Calculate the highest common factor of 16 and 28.
4
Calculate the greatest common divisor of 24 and 120.
24
Calculate the greatest common divisor of 80 and 140.
20
What is the greatest common factor of 104 and 338?
26
What is the highest common factor of 882 and 168?
42
What is the greatest common factor of 414 and 54?
18
What is the greatest common factor of 110 and 195?
5
What is the highest common divisor of 124 and 38564?
124
Calculate the highest common divisor of 299 and 63089.
299
What is the greatest common divisor of 130 and 32?
2
What is the highest common factor of 18 and 28818?
18
Calculate the greatest common factor of 8587 and 31.
31
What is the highest common divisor of 968 and 352?
88
What is the highest common factor of 522 and 406?
58
What is the highest common factor of 13075 and 25?
25
What is the greatest common divisor of 3 and 699?
3
Calculate the greatest common factor of 344 and 1978.
86
Calculate the highest common factor of 416 and 13.
13
What is the greatest common divisor of 7347 and 1488?
93
Calculate the highest common factor of 17385 and 57.
57
What is the highest common factor of 2968 and 8?
8
Calculate the highest common factor of 5 and 4.
1
Calculate the highest common divisor of 96 and 36.
12
Calculate the highest common factor of 1332 and 153.
9
Calculate the greatest common factor of 225 and 11925.
225
Calculate the greatest common divisor of 594 and 726.
66
What is the greatest common factor of 493 and 928?
29
What is the greatest common factor of 3838 and 101?
101
What is the highest common divisor of 2544 and 18?
6
Calculate the highest common divisor of 6 and 48.
6
What is the highest common factor of 63 and 72?
9
What is the greatest common factor of 760 and 80?
40
Calculate the highest common divisor of 24 and 816.
24
Calculate the highest common divisor of 2378 and 1102.
58
What is the greatest common factor of 12 and 258?
6
Calculate the greatest common divisor of 2 and 146.
2
What is the highest common factor of 5 and 100?
5
What is the greatest common factor of 24 and 12?
12
Calculate the greatest common factor of 15 and 23685.
15
What is the highest common factor of 32 and 2560?
32
Calculate the greatest common factor of 3105 and 575.
115
Calculate the greatest common divisor of 75840 and 20.
20
What is the highest common factor of 486 and 702?
54
What is the highest common factor of 29 and 609?
29
Calculate the greatest common divisor of 25 and 2575.
25
Calculate the highest common divisor of 2888 and 64.
8
Calculate the greatest common divisor of 14 and 26.
2
Calculate the highest common divisor of 36 and 441.
9
Calculate the greatest common divisor of 136 and 255.
17
Calculate the highest common factor of 846 and 72.
18
Calculate the highest common factor of 1886 and 46.
46
What is the highest common factor of 84 and 132?
12
Calculate the highest common divisor of 160 and 180.
20
What is the highest common factor of 390 and 312?
78
Calculate the greatest common factor of 20 and 220.
20
What is the highest common factor of 376 and 893?
47
Calculate the highest common divisor of 1480 and 1080.
40
What is the greatest common divisor of 27 and 594?
27
Calculate the highest common divisor of 33 and 729.
3
What is the highest common divisor of 40 and 1840?
40
Calculate the highest common divisor of 250 and 20.
10
What is the highest common factor of 134 and 96346?
134
What is the highest common divisor of 1328 and 4150?
166
What is the greatest common factor of 21 and 1101?
3
What is the highest common divisor of 1221 and 1188?
33
Calculate the highest common divisor of 114 and 380.
38
What is the highest common divisor of 13 and 2561?
13
What is the greatest common divisor of 1780 and 20?
20
Calculate the highest common factor of 153 and 102.
51
Calculate the greatest common divisor of 456 and 2432.
152
Calculate the highest common divisor of 703 and 570.
19
Calculate the greatest common factor of 54875 and 125.
125
Calculate the greatest common divisor of 169 and 13.
13
What is the highest common divisor of 6 and 660?
6
What is the greatest common divisor of 39 and 1443?
39
What is the highest common factor of 58 and 145?
29
What is the greatest common factor of 210 and 6825?
105
Calculate the highest common divisor of 42 and 906.
6
Calculate the highest common factor of 1135 and 227.
227
Calculate the highest common divisor of 459 and 187.
17
Calculate the greatest common divisor of 528 and 48.
48
Calculate the highest common divisor of 42 and 588.
42
What is the highest common divisor of 24 and 568?
8
What is the highest common divisor of 72 and 54?
18
Calculate the greatest common divisor of 582 and 36957.
291
Calculate the highest common factor of 13596 and 660.
132
Calculate the highest common divisor of 5 and 65.
5
Calculate the greatest common divisor of 3601 and 39.
13
Calculate the greatest common divisor of 51 and 40137.
51
Calculate the greatest common factor of 13 and 637.
13
What is the highest common divisor of 763 and 273?
7
What is the greatest common factor of 6890 and 260?
130
Calculate the highest common factor of 143 and 209.
11
Calculate the highest common factor of 346 and 4.
2
Calculate the highest common factor of 514 and 10.
2
What is the highest common factor of 357 and 3808?
119
What is the highest common divisor of 357 and 2091?
51
What is the highest common factor of 578 and 34?
34
Calculate the greatest common factor of 15743 and 182.
91
What is the greatest common factor of 195 and 78?
39
Calculate the highest common divisor of 381 and 81.
3
What is the greatest common divisor of 660 and 48?
12
Calculate the highest common factor of 665 and 95.
95
What is the greatest common factor of 252 and 189?
63
What is the highest common divisor of 28 and 3878?
14
Calculate the highest common divisor of 44 and 4.
4
What is the highest common factor of 128 and 24?
8
What is the greatest common factor of 28 and 20?
4
Calculate the greatest common factor of 20 and 18770.
10
Calculate the highest common factor of 138 and 230.
46
What is the highest common factor of 3 and 107?
1
What is the highest common divisor of 133 and 434?
7
Calculate the greatest common factor of 2 and 302.
2
What is the greatest common divisor of 404 and 1919?
101
Calculate the greatest common divisor of 35400 and 24.
24
Calculate the greatest common divisor of 555 and 30.
15
What is the highest common divisor of 40 and 568?
8
Calculate the highest common divisor of 572 and 3861.
143
Calculate the highest common divisor of 14 and 826.
14
What is the highest common divisor of 35239 and 538?
269
Calculate the highest common factor of 327 and 3.
3
What is the gre